c - 7/3*c**3 + 5 - 3*c**t - 1/4*c**4. Give g(-6).
8
Suppose -22 = -2*u - 4*v, 3*u - 5*v = -12 + 1. Let y(m) = -2*m - 5*m - 3 + m + 7*m. Determine y(u).
0
Let q(x) be the second derivative of -x**3/2 + 45*x**2/2 + 537*x. Give q(17).
-6
Let x(b) = -b**2 - 13*b + 22. Let p be 3 - (20 - (3 + (1 - 2))). Calculate x(p).
-8
Let f(b) = -b**3 + 5*b**2 + 11*b + 12. Let y(j) = -j**3 + 6*j**2 + 13*j + 12. Let l(d) = 6*f(d) - 5*y(d). Calculate l(0).
12
Let h(g) = g**3 + 5*g**2 + 3*g - 1. Let z be -6 - 24/(-40)*-5 - -6. Give h(z).
8
Let r(b) = b**2 + 5*b + 10. Let q = -668 - -664. Determine r(q).
6
Let a(b) be the second derivative of -b**6/240 + 10*b**4/3 - 10*b. Let m(g) be the third derivative of a(g). Determine m(2).
-6
Let j(y) = -2*y**3 + 9*y**2 - 21*y + 13. Let q(i) = i**3 - 4*i**2 + 10*i - 6. Let a(t) = 2*j(t) + 5*q(t). What is a(3)?
29
Let n(b) = b**2 + 4*b. Let j be n(-5). Let c(d) be the third derivative of -d**4/24 + d**3/6 - d**2 - 5*d. Determine c(j).
-4
Let t = 743 + -1485/2. Let h(n) be the second derivative of 2/3*n**3 - t*n**2 + 0 - 6*n. Give h(2).
7
Let k(l) = 3*l - 9. Suppose 37*d + 370 = 74*d. Determine k(d).
21
Let p(a) = a**2 - a - 1. Let u(c) = -c - 8. Let v be u(-6). Let t be (-2)/(-3)*3/v. Determine p(t).
1
Let j(o) = 2*o + 12*o - 6*o + 9*o**3 - 9*o. Calculate j(-1).
-8
Let x(b) be the third derivative of b**5/60 + b**4/2 + b**3/6 - 64*b**2 + 2. What is x(-6)?
-35
Let u = 9 - 3. Let w = 8 - u. Let f(t) = 21*t**2 - 8*t**w - 1 - 17*t**2. What is f(1)?
-5
Suppose -4*i = -9 + 1. Let m(u) = 5 + 5*u + 2 + 3 + u**i - 1. Give m(-6).
15
Let s(w) = w**3 + 8*w**2 - 9*w + 3. Let a be s(-9). Suppose a*r - 3 = 3. Let g(v) = 4*v + 8 - r - 4 - v**2. Give g(5).
-3
Let s(b) = -2*b**2 + b + 3. Let i(g) = 7*g**2 - 5*g - 12. Let r(v) = -i(v) - 4*s(v). Give r(-8).
56
Let r(y) = y**2 + 6*y. Let o = -47 - -51. Suppose -o*k - 30 = 2*k. Determine r(k).
-5
Let t(z) be the first derivative of 1/3*z**3 + 20 - 1/2*z**2 - 4*z. Determine t(4).
8
Let t be 61/2 - 7/14. Let i = -10 + t. Let b(f) = -2*f - 21 + i + 0*f. What is b(3)?
-7
Let x(u) = u. Let s be ((-160)/12)/(2/(-6)). Suppose 5*o + s = -3*d, 4*d + 2*o + 45 = -3*o. Let b(k) = 3*k + 1. Let t(g) = d*x(g) + b(g). Calculate t(-2).
5
Let v(m) = -m - 1. Let n(u) = -2*u**3 - 69*u**2 - 29*u + 174. Let g be n(-34). What is v(g)?
-5
Let r be (18/12 + 3)*8/6. Let m(a) = -3*a + 10. What is m(r)?
-8
Let n(o) = -o + 14. Let x = -139 + 146. Determine n(x).
7
Let q(m) = m**3 - 10*m**2 + 10*m - 6. Let p be q(9). Let b(d) = -3 + 6*d - 1 + 0 + p. Calculate b(1).
5
Let x(f) = -14*f**2 - 86*f - 13. Let g be x(-6). Let p(t) = -3*t**3 + 2*t**2 - 1. Calculate p(g).
4
Let s(m) = 2*m**2 - 5*m + 6. Let p be (-370)/(-80) + 3/8. Let l(w) = -3*w**2 + 7*w - 9. Let n(j) = p*l(j) + 8*s(j). Give n(4).
-1
Let q(f) = -20*f + 11*f**2 - 14*f**2 + 4*f**2. What is q(20)?
0
Let z(n) = -16*n**3 + 21*n**2 + 19*n - 3. Let l(c) = 7*c**3 - 10*c**2 - 8*c + 1. Let b(p) = -7*l(p) - 3*z(p). Determine b(3).
35
Let w(q) = q**3 - 5*q**2 + 2. Let u be (-2 - (-7)/2)*2. Let t be 2 + u/(-3) + 5. Let m = -4 + t. Give w(m).
-10
Let o = 8 - 7. Suppose -4 = i - 3*i. Let h(x) = 3 + i*x - 4*x - 2 + o. Calculate h(2).
-2
Let x = -129 - -128. Let u(t) be the first derivative of -3*t**4/2 + t**3/3 - 8. Give u(x).
7
Suppose 0 = -23*c + 21*c + 56. Let b(g) = -4 - 19*g + 48*g - c*g. Let u = -5 + 11. Calculate b(u).
2
Let j(i) = 5*i**2 + 4*i. Let o(h) = -11*h**2 - 8*h. Let b(m) = 9*j(m) + 4*o(m). What is b(-5)?
5
Let x(c) = -c - 8. Let q = 3 - -2. Suppose q*r + 5*u + 14 = 3*u, -3*r + 2*u - 18 = 0. What is x(r)?
-4
Suppose b = -3*z + 15, -b + 5*z - 2*z - 15 = 0. Let g(h) = 5*h + 3*h + 4 - h + b*h + h**2. Give g(-5).
-6
Suppose 4*a - 7*a - 9 = 0, 3*a + 9 = -t. Let r(i) be the second derivative of 1/12*i**4 - 3/2*i**2 + t - 2*i - 1/6*i**3. Calculate r(0).
-3
Let x(a) = 0*a - 40 + 3*a + a - a - 15. Determine x(18).
-1
Suppose -p = -35 - 37. Let c = p + -64. Let v(i) = -i + 3. Give v(c).
-5
Let d(c) = 7*c**2 + 8*c + 13. Let g(k) = -9*k**2 - 9*k - 14. Let l(w) = 5*d(w) + 4*g(w). Determine l(6).
-3
Suppose -697 + 253 = -6*g. Let q = g + -66. Let o(d) = d**2 - 7*d + 7. What is o(q)?
15
Let i(p) = -22 - 18 - 23 + 3*p + 61. Give i(2).
4
Let g(r) = -r**2 + 5*r + 7. Let v(w) = -w**2. Let f(n) = n**3 - 2*n**2 + 5*n - 8. Let o(c) = -f(c) - 6*v(c). Let t be o(7). Let p = t + -16. Calculate g(p).
1
Let u(c) = -c + 8. Let p be u(13). Let q(g) = -3*g + 2. Let v(r) = 8*r - 6. Let a(t) = p*v(t) - 14*q(t). Determine a(-2).
-2
Let h(j) be the first derivative of 11*j**4/2 + 2*j**3/3 - j + 221. Give h(1).
23
Let m(d) = -d**3 - 8*d**2 - 2*d - 7. Let u = -13 - -21. Suppose u + 0 = -s. What is m(s)?
9
Let v be 1*24/15*(13 + -8). Let l(p) = 12 + p**2 + 0*p - v*p - 4. What is l(6)?
-4
Let o = 38 - 30. Let r(m) be the third derivative of m**4/24 - 5*m**3/3 - 7*m**2. Calculate r(o).
-2
Let s be 8/(-5) - 2/5. Let i(v) = -2*v + 9*v**2 - 12468 + 12466 - 10*v**2. Give i(s).
-2
Let y(n) = 35*n + 521. Let d be y(-15). Let x(z) = -2*z - 5. What is x(d)?
3
Let g(q) = -7*q - 32. Let y(p) = -3*p - 16. Let b(s) = -2*g(s) + 5*y(s). What is b(-13)?
-3
Let q(y) = y**2 - 6*y - 2. Let v be q(6). Let t(u) be the second derivative of u**5/20 + u**4/12 - u**3/6 + u**2 - 162*u. What is t(v)?
0
Let x(s) = s + 4. Let p(b) = -b**3 - 5*b**2 + 25*b + 2. Let u be p(-8). Give x(u).
-2
Let x(q) be the second derivative of -3/2*q**2 + 23*q + 0 + 1/6*q**3. Give x(3).
0
Let o(v) = -v**2 - 6*v + 6. Let i(n) = n**2 + 7*n - 7. Let q(z) = -2*i(z) - 3*o(z). Suppose -a + 68 = -18*a. Determine q(a).
-4
Suppose 56 = -579*g + 572*g. Let v(q) = -q**2 - 12*q - 8. Give v(g).
24
Let w(k) = 120*k + 0 - 110*k + k**3 - 7*k**2 - 4. Let d be w(5). Let x(t) = -t**2 - 5*t - 2. Give x(d).
2
Let d(m) = 1 - 4226*m**2 - m**3 + 4241*m**2 + 5. Calculate d(15).
6
Let g(k) = 8*k + 14. Let a(i) = 7*i + 11. Let m(h) = 5*a(h) - 4*g(h). What is m(6)?
17
Let f = 26 - 25. Let r(s) be the first derivative of -s**2/2 - 14. Calculate r(f).
-1
Suppose 4*w + i - 23 = 0, -2*i = -w + 3*i + 11. Suppose 0 = 3*c - 9 - w. Let t(s) = s**2 - 3*s + 2. Calculate t(c).
12
Let a(l) be the first derivative of l**4/2 + l**3/3 - l**2/2 - 3. Suppose 0 = 2*t - 2*u - 14, 4*t + 0 = -3*u + 14. Suppose -t*r - 5 = 5. Give a(r).
-10
Let j(v) = 3*v + 1. Let a(y) = 8*y + 1. Let x(h) = -2*a(h) + 5*j(h). What is x(0)?
3
Let w(m) = m**3 + 3*m**2 - 1. Let v be w(-2). Let o(n) = -5*n + 6*n**3 + 2*n**3 + 2*n + 3 - 7*n**3 - v*n**2. What is o(4)?
7
Let j(y) = -7 - 30 + 3*y**2 + 40 - 2*y + 2*y**3. Calculate j(2).
27
Let h(v) = -v**3 - 10*v**2 - 11*v - 11. Let l(s) = 11*s + 123. Let k be l(-12). What is h(k)?
7
Let d = 32 - 29. Let a(u) be the third derivative of -1/20*u**5 - 1/120*u**6 + 5*u**2 + 1/8*u**4 + 2/3*u**d + 0*u + 0. Calculate a(-3).
-5
Let w(c) = -4*c + 5. Let s(l) = 2 + 0 - 1. Let p(r) = 6*s(r) - w(r). Suppose -15 = -5*g - 5*q, 3*q - 9 - 2 = -2*g. Calculate p(g).
-7
Let n(v) be the first derivative of v**3 + 3*v**2/2 + 2*v - 261. Determine n(-2).
8
Let w(m) = 23*m**3 - 5*m**2 + 11*m - 91. Let q(y) = 13*y**3 - 3*y**2 + 6*y - 46. Let a(u) = 7*q(u) - 4*w(u). Give a(0).
42
Let o(w) = -3*w + 14. Let b(c) = -2*c + 7. Let i(r) = -7*b(r) + 4*o(r). Suppose 21*m + 48 = -57. Give i(m).
-3
Let o = 95 + -84. Let m(a) = -a**3 + 11*a**2 - a + 9. Calculate m(o).
-2
Suppose -2*j = 4*w - 32, 4*j - 140 = -j + 5*w. Let p(v) = 2*v**3 + 4*v**2 - 50 + j + 26 + 2*v. Give p(-2).
-4
Let j(o) = -6*o**2 + 2*o + 3. Suppose 2*y + 5*b - 2 - 19 = 0, 3*b = -2*y + 15. Give j(y).
-45
Let g(l) = -2*l + 8. Let v(x) = x. Let m be v(7). Let o be g(m). Let b(a) = 8*a - 31. Let s(t) = -2*t + 10. Let y(r) = -2*b(r) - 7*s(r). Determine y(o).
4
Let k(s) = -s**3 - s**2 + 37. Suppose 21*m = 8*m - 12*m. Calculate k(m).
37
Let u(x) = 64*x - 265. Let d be u(4). Let i(l) = 6*l + 54. What is i(d)?
0
Suppose -j + 7 = -7. Suppose -b - j = -16. Let y(m) = -2*m**2 + m**3 + b*m**2 + m + 16 + 0*m**3. What is y(0)?
16
Let f(o) = 3*o**2 + 23*o - 17. Let s(g) = 2*g**2 + 15*g - 11. Let l(c) = 5*f(c) - 8*s(c). Let v(t) be the first derivative of l(t). Determine v(-4).
3
Let k(t) = -24*t + 1. Let o be k(0). Let p(r) = 3*r**3 + 2*r**2 - 2*r + 1. Give p(o).
4
Let v be ((-24)/10)/(15/(-250)). Let u = -32 + v. Let k(j) = j**2 - 10*j + 12. Calculate k(u).
